Calculate the greatest common factor of 191037 and 14322.
231
What is the highest common divisor of 397449 and 16641?
387
Calculate the greatest common divisor of 281639 and 187.
17
Calculate the greatest common divisor of 21634 and 3357.
373
Calculate the greatest common divisor of 84 and 17796.
12
Calculate the greatest common factor of 100 and 21460.
20
What is the highest common factor of 1005 and 1809?
201
Calculate the greatest common divisor of 14637 and 110208.
861
What is the highest common factor of 406627 and 403?
403
Calculate the greatest common factor of 2830 and 90.
10
Calculate the greatest common divisor of 872 and 10573.
109
Calculate the highest common factor of 2181 and 5205.
3
What is the highest common divisor of 36 and 3469668?
12
Calculate the highest common factor of 1287706 and 1030.
206
Calculate the highest common divisor of 16 and 631600.
16
What is the highest common divisor of 10400 and 47216?
208
Calculate the highest common divisor of 4505 and 16059.
53
Calculate the greatest common divisor of 3599294 and 662.
662
What is the greatest common divisor of 33345 and 1140?
285
Calculate the greatest common factor of 56 and 278488.
56
What is the greatest common divisor of 7408 and 512?
16
Calculate the highest common factor of 278 and 2.
2
What is the highest common factor of 552 and 1563?
3
Calculate the greatest common factor of 240796 and 1332.
148
Calculate the greatest common divisor of 8848 and 910.
14
What is the highest common divisor of 1400 and 339200?
200
What is the highest common factor of 1176310 and 395?
395
Calculate the greatest common divisor of 4683159 and 1521.
1521
Calculate the highest common divisor of 506279 and 295.
59
What is the greatest common factor of 445 and 17177?
89
Calculate the greatest common divisor of 156 and 16188.
12
What is the greatest common divisor of 23 and 17411?
23
What is the highest common divisor of 742 and 152166?
14
What is the greatest common divisor of 253 and 54527?
11
Calculate the greatest common divisor of 144 and 15921.
9
Calculate the highest common factor of 11998 and 406.
14
Calculate the greatest common factor of 62 and 1833154.
62
What is the highest common factor of 6552 and 42168?
168
What is the highest common factor of 231 and 116732?
77
What is the greatest common factor of 4617 and 209?
19
Calculate the greatest common factor of 3848 and 24.
8
What is the highest common factor of 7257 and 123?
123
Calculate the greatest common divisor of 242622 and 378.
54
What is the greatest common factor of 2896117 and 123?
41
Calculate the highest common factor of 99 and 323514.
9
Calculate the greatest common divisor of 4141560 and 12.
12
What is the highest common divisor of 1126575 and 675?
675
What is the highest common factor of 58006 and 72358?
598
What is the highest common factor of 16184 and 567392?
952
What is the greatest common divisor of 2613 and 1809?
201
Calculate the greatest common factor of 2171 and 3367.
13
What is the greatest common factor of 14718 and 34320?
66
Calculate the greatest common factor of 12 and 83370.
6
Calculate the highest common divisor of 84 and 55824.
12
What is the highest common factor of 174 and 121539?
87
What is the greatest common divisor of 74139 and 117?
39
What is the highest common divisor of 31 and 213373?
31
What is the greatest common divisor of 524 and 25283?
131
What is the greatest common divisor of 10475438 and 58?
58
What is the highest common factor of 51153 and 1445?
289
Calculate the highest common factor of 8068 and 452.
4
Calculate the highest common divisor of 206 and 49646.
206
Calculate the greatest common divisor of 486336 and 384.
192
Calculate the greatest common divisor of 294 and 81634.
98
Calculate the greatest common factor of 113398 and 826.
118
What is the greatest common divisor of 7634 and 297?
11
Calculate the highest common divisor of 98 and 252350.
98
What is the highest common factor of 610 and 5334145?
305
What is the highest common divisor of 288 and 53264?
16
Calculate the highest common divisor of 96420 and 60.
60
Calculate the greatest common divisor of 66 and 517.
11
What is the greatest common divisor of 1021 and 5593038?
1021
Calculate the highest common divisor of 18492 and 9581.
67
What is the highest common factor of 2783 and 1012?
253
What is the greatest common divisor of 3108 and 63788?
148
Calculate the highest common divisor of 115 and 84801.
23
What is the greatest common divisor of 19635 and 111741?
357
Calculate the greatest common divisor of 90 and 93042.
18
Calculate the highest common factor of 1026 and 11880.
54
Calculate the highest common factor of 15644 and 2.
2
Calculate the highest common divisor of 7 and 103019.
7
Calculate the greatest common divisor of 3854 and 8446.
82
Calculate the highest common divisor of 2506 and 38402.
14
Calculate the greatest common factor of 559 and 3192449.
559
What is the greatest common divisor of 19413 and 51049?
719
What is the highest common factor of 1296 and 192456?
648
Calculate the highest common factor of 4320 and 20304.
432
Calculate the greatest common factor of 828 and 11684.
92
Calculate the highest common divisor of 1927944 and 72.
72
Calculate the greatest common divisor of 10 and 351560.
10
What is the greatest common factor of 1233 and 259341?
411
What is the highest common divisor of 2318576 and 142?
142
What is the greatest common factor of 37814 and 3626?
518
Calculate the highest common factor of 192 and 5298.
6
Calculate the greatest common divisor of 14 and 26957.
7
Calculate the highest common factor of 4851 and 245.
49
Calculate the greatest common divisor of 30964 and 16.
4
Calculate the greatest common factor of 72 and 181136.
8
What is the greatest common divisor of 379252 and 36?
4
Calculate the greatest common factor of 3168 and 4411.
11
What is the greatest common factor of 348 and 1430454?
174
What is the greatest common divisor of 4340 and 1372?
28
What is the highest common factor of 96 and 51728?
16
What is the greatest common divisor of 256 and 112768?
128
What is the highest common divisor of 11111271 and 519?
519
Calculate the greatest common divisor of 156 and 6852.
12
Calculate the highest common factor of 422433 and 11.
11
Calculate the highest common factor of 76595 and 5.
5
Calculate the greatest common divisor of 804 and 276.
12
What is the highest common divisor of 52241 and 544?
17
Calculate the greatest common divisor of 12110 and 6574.
346
Calculate the highest common factor of 38 and 1459561.
19
Calculate the greatest common factor of 134 and 5509678.
134
What is the highest common divisor of 127904 and 41683?
571
What is the greatest common divisor of 46767 and 476?
119
Calculate the highest common divisor of 11610 and 57620.
430
What is the greatest common factor of 2250821 and 254?
127
Calculate the greatest common factor of 35305 and 230.
115
Calculate the highest common factor of 7856 and 976.
16
What is the highest common divisor of 552 and 704?
8
Calculate the greatest common factor of 68 and 764.
4
Calculate the highest common factor of 194157 and 1944.
243
Calculate the greatest common factor of 31287 and 3.
3
Calculate the highest common factor of 1146 and 286882.
382
Calculate the highest common divisor of 69 and 1324179.
69
Calculate the greatest common factor of 3467 and 11.
1
What is the highest common factor of 40602 and 8787?
303
What is the highest common factor of 840 and 34040?
40
What is the greatest common divisor of 98 and 63014?
98
What is the highest common factor of 48 and 159792?
48
Calculate the greatest common factor of 23127 and 65.
13
Calculate the highest common factor of 4696 and 95.
1
What is the highest common factor of 20232 and 1792?
8
Calculate the greatest common divisor of 638 and 2134.
22
What is the greatest common factor of 52 and 26858?
26
What is the highest common factor of 6865 and 20?
5
What is the highest common factor of 1620 and 3540?
60
Calculate the greatest common divisor of 1106904 and 34.
34
What is the greatest common factor of 221 and 2298179?
221
Calculate the greatest common factor of 216 and 119151.
27
What is the highest common factor of 399 and 737751?
399
What is the highest common divisor of 214 and 1213133